{"id":1705,"date":"2020-11-16T11:46:27","date_gmt":"2020-11-16T10:46:27","guid":{"rendered":"https:\/\/view.fis.agh.edu.pl\/service\/podyplomowe\/?page_id=1705"},"modified":"2023-01-12T19:11:18","modified_gmt":"2023-01-12T18:11:18","slug":"harmonogramy-20202021","status":"publish","type":"page","link":"https:\/\/view.fis.agh.edu.pl\/service\/podyplomowe\/20202021-2\/harmonogramy-20202021\/","title":{"rendered":"Harmonogramy 2022\/2023"},"content":{"rendered":"<h3>Poni\u017cej znajduj\u0105 si\u0119 harmonogramy zaj\u0119\u0107 w roku 2022\/2023 dla poszczeg\u00f3lnych kierunk\u00f3w:<\/h3>\n<p>&nbsp;<\/p>\n<ul>\n<li>Fizyka z elementami informatyki\u00a0 <a href=\"https:\/\/view.fis.agh.edu.pl\/service\/podyplomowe\/wp-content\/uploads\/2023\/01\/PLAN1-fizyka_22.pdf\">semestr 1<\/a>, <a href=\"https:\/\/view.fis.agh.edu.pl\/service\/podyplomowe\/wp-content\/uploads\/2023\/01\/PLAN2-fizyka_22.pdf\">semestr 2<\/a>, <a href=\"https:\/\/view.fis.agh.edu.pl\/service\/podyplomowe\/20202021-2\/harmonogramy-20202021\">semestr 3<\/a><\/li>\n<li>Matematyka z elementami informatyki <a href=\"https:\/\/view.fis.agh.edu.pl\/service\/podyplomowe\/wp-content\/uploads\/2023\/01\/PLAN1-matematyka_22.pdf\">semestr 1<\/a>, <a href=\"https:\/\/view.fis.agh.edu.pl\/service\/podyplomowe\/wp-content\/uploads\/2023\/01\/PLAN2-matematyka_22.pdf\">semestr 2<\/a>, <a href=\" https:\/\/view.fis.agh.edu.pl\/service\/podyplomowe\/20202021-2\/harmonogramy-20202021\">semestr 3<\/a><\/li>\n<li>Informatyka w szkole plan zaj\u0119\u0107 <a href=\"https:\/\/view.fis.agh.edu.pl\/service\/podyplomowe\/wp-content\/uploads\/2023\/01\/PLAN1-inf_22.pdf\">semestr 1<\/a>, <a href=\"https:\/\/view.fis.agh.edu.pl\/service\/podyplomowe\/wp-content\/uploads\/2023\/01\/PLAN2-inf_22.pdf\">semestr 2<\/a>, <a href=\"https:\/\/view.fis.agh.edu.pl\/service\/podyplomowe\/20202021-2\/harmonogramy-20202021\">semestr 3<\/a><\/li>\n<\/ul>\n","protected":false},"excerpt":{"rendered":"<p>Poni\u017cej znajduj\u0105 si\u0119 harmonogramy zaj\u0119\u0107 w roku 2022\/2023 dla poszczeg\u00f3lnych kierunk\u00f3w: &nbsp; Fizyka z elementami informatyki\u00a0 semestr 1, semestr 2, semestr 3 Matematyka z elementami informatyki semestr 1, semestr 2, semestr 3 Informatyka w szkole plan zaj\u0119\u0107 semestr 1, semestr 2, semestr 3<\/p>\n","protected":false},"author":1,"featured_media":0,"parent":1702,"menu_order":0,"comment_status":"closed","ping_status":"closed","template":"","meta":{"footnotes":""},"_links":{"self":[{"href":"https:\/\/view.fis.agh.edu.pl\/service\/podyplomowe\/wp-json\/wp\/v2\/pages\/1705"}],"collection":[{"href":"https:\/\/view.fis.agh.edu.pl\/service\/podyplomowe\/wp-json\/wp\/v2\/pages"}],"about":[{"href":"https:\/\/view.fis.agh.edu.pl\/service\/podyplomowe\/wp-json\/wp\/v2\/types\/page"}],"author":[{"embeddable":true,"href":"https:\/\/view.fis.agh.edu.pl\/service\/podyplomowe\/wp-json\/wp\/v2\/users\/1"}],"replies":[{"embeddable":true,"href":"https:\/\/view.fis.agh.edu.pl\/service\/podyplomowe\/wp-json\/wp\/v2\/comments?post=1705"}],"version-history":[{"count":27,"href":"https:\/\/view.fis.agh.edu.pl\/service\/podyplomowe\/wp-json\/wp\/v2\/pages\/1705\/revisions"}],"predecessor-version":[{"id":1848,"href":"https:\/\/view.fis.agh.edu.pl\/service\/podyplomowe\/wp-json\/wp\/v2\/pages\/1705\/revisions\/1848"}],"up":[{"embeddable":true,"href":"https:\/\/view.fis.agh.edu.pl\/service\/podyplomowe\/wp-json\/wp\/v2\/pages\/1702"}],"wp:attachment":[{"href":"https:\/\/view.fis.agh.edu.pl\/service\/podyplomowe\/wp-json\/wp\/v2\/media?parent=1705"}],"curies":[{"name":"wp","href":"https:\/\/api.w.org\/{rel}","templated":true}]}}