{"id":221,"date":"2011-10-05T19:18:45","date_gmt":"2011-10-05T17:18:45","guid":{"rendered":"https:\/\/view.fis.agh.edu.pl\/service\/podyplomowe\/?page_id=221"},"modified":"2012-09-26T14:00:22","modified_gmt":"2012-09-26T12:00:22","slug":"ogloszenia","status":"publish","type":"page","link":"https:\/\/view.fis.agh.edu.pl\/service\/podyplomowe\/2012-3\/ogloszenia\/","title":{"rendered":"Og\u0142oszenia"},"content":{"rendered":"<h1>Og\u0142oszenia dla uczestnik\u00f3w studi\u00f3w podyplomowych rok akademicki 2011\/2012:<\/h1>\n<p><a title=\"Og\u0142oszenie 2011.10.05\" href=\"https:\/\/view.fis.agh.edu.pl\/service\/podyplomowe\/2012-3\/ogloszenie-2011-10-05\/\">Og\u0142oszenie z 5.10.2011<\/a><\/p>\n<p><span style=\"color: #ff0000;\"><span style=\"color: #000000;\"><a title=\"Og\u0142oszenie 2011.12.17\" href=\"https:\/\/view.fis.agh.edu.pl\/service\/podyplomowe\/2012-3\/ogloszenia\/ogloszenie-z-17-12-2011\/\">Og\u0142oszenie z 15.12.2011<\/a><\/span><strong><\/strong><\/span><\/p>\n<p><span style=\"color: #ff0000;\"><span style=\"color: #000000;\"><a title=\"Og\u0142oszenie 2012.01.10\" href=\"https:\/\/view.fis.agh.edu.pl\/service\/podyplomowe\/2012-3\/ogloszenia\/ogloszenie-2012-01-10\/\">Og\u0142oszenie z 10.01.2012<\/a><\/span><\/span><\/p>\n<p><a title=\"Og\u0142oszenie 2012.01.10\" href=\"https:\/\/view.fis.agh.edu.pl\/service\/podyplomowe\/2012-3\/ogloszenia\/ogloszenie-2012-01-18\/\">Og\u0142oszenie z 18.01.2012<\/a><\/p>\n<p><a title=\"Og\u0142oszenie 2012.05.08\" href=\"https:\/\/view.fis.agh.edu.pl\/service\/podyplomowe\/2012-3\/ogloszenia\/ogloszenie-2012-05-08\/\">Og\u0142oszenie z 08.05.2012<\/a><\/p>\n<p><a title=\"Og\u0142oszenie 2012.07.09 \u2013 Przyroda\" href=\"https:\/\/view.fis.agh.edu.pl\/service\/podyplomowe\/2012-3\/ogloszenia\/ogloszenie-2012-07-09-przyroda\/\">Og\u0142oszenie z 09.07.2012 &#8211; Przyroda<\/a><\/p>\n<p><a title=\"Og\u0142oszenie 13.07.2012 \u2013 Przyroda\" href=\"https:\/\/view.fis.agh.edu.pl\/service\/podyplomowe\/2012-3\/ogloszenia\/ogloszenie-13-07-2012-przyroda\/\">Og\u0142oeszenie 13.07.2012 &#8211; Przyroda<\/a><\/p>\n<p><a title=\"Og\u0142oszenie 17.09.2012 \u2013 Przyroda\" href=\"https:\/\/view.fis.agh.edu.pl\/service\/podyplomowe\/2012-3\/ogloszenia\/ogloszenie-17-09-2012-przyroda\/\">Og\u0142oszenie 17.09.2012 &#8211; Przyroda<\/a><\/p>\n","protected":false},"excerpt":{"rendered":"<p>Og\u0142oszenia dla uczestnik\u00f3w studi\u00f3w podyplomowych rok akademicki 2011\/2012: Og\u0142oszenie z 5.10.2011 Og\u0142oszenie z 15.12.2011 Og\u0142oszenie z 10.01.2012 Og\u0142oszenie z 18.01.2012 Og\u0142oszenie z 08.05.2012 Og\u0142oszenie z 09.07.2012 &#8211; Przyroda Og\u0142oeszenie 13.07.2012 &#8211; Przyroda Og\u0142oszenie 17.09.2012 &#8211; Przyroda<\/p>\n","protected":false},"author":1,"featured_media":0,"parent":24,"menu_order":0,"comment_status":"closed","ping_status":"closed","template":"","meta":{"footnotes":""},"_links":{"self":[{"href":"https:\/\/view.fis.agh.edu.pl\/service\/podyplomowe\/wp-json\/wp\/v2\/pages\/221"}],"collection":[{"href":"https:\/\/view.fis.agh.edu.pl\/service\/podyplomowe\/wp-json\/wp\/v2\/pages"}],"about":[{"href":"https:\/\/view.fis.agh.edu.pl\/service\/podyplomowe\/wp-json\/wp\/v2\/types\/page"}],"author":[{"embeddable":true,"href":"https:\/\/view.fis.agh.edu.pl\/service\/podyplomowe\/wp-json\/wp\/v2\/users\/1"}],"replies":[{"embeddable":true,"href":"https:\/\/view.fis.agh.edu.pl\/service\/podyplomowe\/wp-json\/wp\/v2\/comments?post=221"}],"version-history":[{"count":46,"href":"https:\/\/view.fis.agh.edu.pl\/service\/podyplomowe\/wp-json\/wp\/v2\/pages\/221\/revisions"}],"predecessor-version":[{"id":611,"href":"https:\/\/view.fis.agh.edu.pl\/service\/podyplomowe\/wp-json\/wp\/v2\/pages\/221\/revisions\/611"}],"up":[{"embeddable":true,"href":"https:\/\/view.fis.agh.edu.pl\/service\/podyplomowe\/wp-json\/wp\/v2\/pages\/24"}],"wp:attachment":[{"href":"https:\/\/view.fis.agh.edu.pl\/service\/podyplomowe\/wp-json\/wp\/v2\/media?parent=221"}],"curies":[{"name":"wp","href":"https:\/\/api.w.org\/{rel}","templated":true}]}}