{"id":5,"date":"2011-05-04T21:02:40","date_gmt":"2011-05-04T21:02:40","guid":{"rendered":"http:\/\/dev.wpjungle.pl\/fiis\/?page_id=5"},"modified":"2024-12-17T12:18:53","modified_gmt":"2024-12-17T11:18:53","slug":"strona-glowna","status":"publish","type":"page","link":"https:\/\/view.fis.agh.edu.pl\/service\/podyplomowe\/","title":{"rendered":"Strona g\u0142\u00f3wna"},"content":{"rendered":"\n<p><\/p>\n\n\n\n<p><!--<p>Op\u0142ata wynosi 4500 z\u0142otych (wp\u0142aty w ratach).<\/p>--><\/p>\n\n\n\n<h1 class=\"wp-block-heading\"><strong><span style=\"color: #339966;\"><span style=\"color: #1e96e0;\">Informacja dla os\u00f3b zainteresowanych podj\u0119ciem  <\/span><br>\n<!--<span style=\"color: #1e96e0;\"> podj\u0119ciem  w roku akademickim  2024\/25<\/span><br>-->\n<span style=\"color: #1e96e0;\"> Podyplomowych Studi\u00f3w Pedagogicznych i Zawodowych<\/span><\/span><\/strong><\/h1>\n\n\n\n<p><strong><br><\/strong><\/p>\n\n\n\n<p>Studia prowadzone s\u0105 przez Wydzia\u0142 Fizyki i Informatyki Stosowanej we wsp\u00f3\u0142pracy z Wydzia\u0142em Matematyki Stosowanej oraz Wydzia\u0142em In\u017cynierii Materia\u0142owej i Ceramiki.<\/p>\n\n\n\n<p>Studia przygotowuj\u0105 nauczycieli do nauczania drugiego przedmiotu lub stanowi\u0105 poszerzenie kwalifikacji w ramach ju\u017c nauczanego przedmiotu.<\/p>\n\n\n\n<p>Studia Podyplomowe kwalifikuj\u0105ce nauczycieli prowadzone s\u0105 na nast\u0119puj\u0105cych kierunkach (szczeg\u00f3\u0142owe informacje &#8211; menu z lewej strony):<\/p>\n\n\n\n\n\n<strong>\n<ul>\n<li>\n<h3><span style=\"color: #339966;\">Chemia z elementami ochrony \u015brodowiska<\/span><\/h3>\n<\/li>\n<li>\n<h3><span style=\"color: #339966;\"> Fizyka z elementami informatyki<\/span><\/h3>\n<\/li>\n<li>\n<h3><span style=\"color: #339966;\"> Informatyka w szkole<\/span><\/h3>\n<\/li>\n<li>\n<h3><span style=\"color: #339966;\"> Matematyka z elementami informatyki<\/span><\/h3>\n<\/li>\n<\/ul>\n<p><p>Studia przewidziane s\u0105 dla nauczycieli lub os\u00f3b z wy\u017cszym wykszta\u0142ceniem posiadaj\u0105cych przygotowanie pedagogiczne do nauczania w szkole.<\/p>\n<p>Studia trwaj\u0105 trzy semestry (w tym tzw. semestr wakacyjny) i obejmuj\u0105 350 godzin realizowanych  podczas 20 zjazd\u00f3w (pi\u0105tek od 14:30-sobota do 17:00).<\/p><\/p> \n<h4><span style=\"color: #808080;\">Planowana jest realizacja zaj\u0119\u0107 w systemie hybrydowym (wyk\u0142ady   \u2013 online\/stacjonarnie, zaj\u0119cia laboratoryjne i praktyczne \u2013 stacjonarnie, \u0107wiczenia audytoryjne \u2013   online\/stacjonarnie)<\/span><\/h4>\n<!--<h2><span style=\"color: #ff0000;\">Dokumenty b\u0119d\u0105 przyjmowane od 01 czerwca 2024 r<\/span><\/h2>-->\n<h3>Szczeg\u00f3\u0142owe informacje  w zak\u0142adce: <span style=\"color: #ff0000;\"><a href=\"https:\/\/view.fis.agh.edu.pl\/service\/podyplomowe\/rekrutacja\/\">REKRUTACJA<\/a><\/span><\/h3>\n\n\n\n<p><\/p>\n","protected":false},"excerpt":{"rendered":"<p>Informacja dla os\u00f3b zainteresowanych podj\u0119ciem Podyplomowych Studi\u00f3w Pedagogicznych i Zawodowych Studia prowadzone s\u0105 przez Wydzia\u0142 Fizyki i Informatyki Stosowanej we wsp\u00f3\u0142pracy z Wydzia\u0142em Matematyki Stosowanej oraz Wydzia\u0142em In\u017cynierii Materia\u0142owej i Ceramiki. Studia przygotowuj\u0105 nauczycieli do nauczania drugiego przedmiotu lub stanowi\u0105 poszerzenie kwalifikacji w ramach ju\u017c nauczanego przedmiotu. Studia Podyplomowe kwalifikuj\u0105ce nauczycieli prowadzone s\u0105 na nast\u0119puj\u0105cych [&hellip;]<\/p>\n","protected":false},"author":1,"featured_media":0,"parent":0,"menu_order":0,"comment_status":"open","ping_status":"open","template":"","meta":{"footnotes":""},"_links":{"self":[{"href":"https:\/\/view.fis.agh.edu.pl\/service\/podyplomowe\/wp-json\/wp\/v2\/pages\/5"}],"collection":[{"href":"https:\/\/view.fis.agh.edu.pl\/service\/podyplomowe\/wp-json\/wp\/v2\/pages"}],"about":[{"href":"https:\/\/view.fis.agh.edu.pl\/service\/podyplomowe\/wp-json\/wp\/v2\/types\/page"}],"author":[{"embeddable":true,"href":"https:\/\/view.fis.agh.edu.pl\/service\/podyplomowe\/wp-json\/wp\/v2\/users\/1"}],"replies":[{"embeddable":true,"href":"https:\/\/view.fis.agh.edu.pl\/service\/podyplomowe\/wp-json\/wp\/v2\/comments?post=5"}],"version-history":[{"count":208,"href":"https:\/\/view.fis.agh.edu.pl\/service\/podyplomowe\/wp-json\/wp\/v2\/pages\/5\/revisions"}],"predecessor-version":[{"id":1892,"href":"https:\/\/view.fis.agh.edu.pl\/service\/podyplomowe\/wp-json\/wp\/v2\/pages\/5\/revisions\/1892"}],"wp:attachment":[{"href":"https:\/\/view.fis.agh.edu.pl\/service\/podyplomowe\/wp-json\/wp\/v2\/media?parent=5"}],"curies":[{"name":"wp","href":"https:\/\/api.w.org\/{rel}","templated":true}]}}