{"id":9,"date":"2011-05-04T21:30:32","date_gmt":"2011-05-04T21:30:32","guid":{"rendered":"http:\/\/dev.wpjungle.pl\/fiis\/?page_id=9"},"modified":"2024-05-08T13:22:43","modified_gmt":"2024-05-08T11:22:43","slug":"matematyka-z-elementami-informatyki","status":"publish","type":"page","link":"https:\/\/view.fis.agh.edu.pl\/service\/podyplomowe\/matematyka-z-elementami-informatyki\/","title":{"rendered":"Matematyka z elementami informatyki"},"content":{"rendered":"<h1>Matematyka z elementami Informatyki<\/h1>\n<p><strong>(studia dla nauczycieli)<\/strong><\/p>\n<p><strong>Charakterystyka studi\u00f3w:<\/strong><\/p>\n<p>Celem studi\u00f3w jest przygotowanie nauczycieli do nauczania matematyki i element\u00f3w informatyki na poziomie szko\u0142y podstawowej, zawodowej i \u015bredniej\u00a0oraz rozszerzenie dotychczas posiadanej przez nich wiedzy matematycznej i informatycznej. Absolwent studi\u00f3w zostanie wyposa\u017cony w podstawow\u0105 wiedz\u0119 z zakresu metodyki nauczania matematyki i informatyki, zapozna si\u0119 z mo\u017cliwo\u015bciami stosowania matematyki w naukach technicznych oraz ekonomicznych, a w szczeg\u00f3lno\u015bci z elementami matematyki finansowej i ubezpieczeniowej.<\/p>\n<p>&nbsp;<\/p>\n<p><strong>Sylwetka absolwenta:<\/strong><\/p>\n<p>Studia przewidziane s\u0105 do absolwent\u00f3w szk\u00f3\u0142 wy\u017cszych: czynnych nauczycieli lub os\u00f3b posiadaj\u0105cych przygotowanie pedagogiczne do nauczania w szkole. Daj\u0105 one uprawnienia do nauczania drugiego przedmiotu \u2013 matematyki.<\/p>\n<p>&nbsp;<\/p>\n<table border=\"1\" width=\"719\" cellpadding=\"15\">\n<tbody>\n<tr>\n<td rowspan=\"2\" width=\"250\"><strong>PRZEDMIOT<\/strong><\/td>\n<td rowspan=\"2\" width=\"170\"><strong>PROWADZ\u0104CY<\/strong><\/td>\n<td rowspan=\"2\" width=\"75\"><strong>LICZBA GODZIN<\/strong><\/td>\n<td rowspan=\"2\" width=\"57\"><strong>ECTS<\/strong><\/td>\n<\/tr>\n<tr>\n<td width=\"250\"><strong> <big>Semestr 1<\/big><\/strong><\/td>\n<td width=\"170\"><\/td>\n<td width=\"75\"><\/td>\n<td width=\"57\"><\/td>\n<td width=\"0\" height=\"33\"><\/td>\n<\/tr>\n<tr>\n<td width=\"250\"><strong>Teoria mnogo\u015bci i logika matematyczna<\/strong><\/td>\n<td width=\"170\">dr hab. Jerzy Stochel<\/td>\n<td width=\"75\"><strong>10<\/strong><\/td>\n<td width=\"57\">3<\/td>\n<\/tr>\n<tr>\n<td width=\"250\"><strong>Podstawy matematyki<\/strong><\/td>\n<td width=\"170\">dr hab. Jerzy Stochel<\/td>\n<td width=\"75\"><strong>10\/5<\/strong><\/td>\n<td width=\"57\">5<\/td>\n<\/tr>\n<tr>\n<td width=\"250\"><strong>Analiza matematyczna I<\/strong><\/td>\n<td width=\"170\">dr hab. Jerzy Stochel<\/td>\n<td width=\"75\"><strong>10\/10E<\/strong><\/td>\n<td width=\"57\">7<\/td>\n<\/tr>\n<tr>\n<td width=\"250\"><strong>R\u00f3wnania r\u00f3\u017cniczkowe<\/strong><\/td>\n<td width=\"170\">dr hab.Bogus\u0142aw Bo\u017cek<\/td>\n<td width=\"75\"><strong>10\/5<\/strong><\/td>\n<td width=\"57\">5<\/td>\n<\/tr>\n<tr>\n<td width=\"250\"><strong>Fizyka w zadaniach<\/strong><\/td>\n<td width=\"170\">prof. dr hab. Janusz Wolny<\/td>\n<td width=\"75\"><strong> 5\/15E<\/strong><\/td>\n<td width=\"57\">7<\/td>\n<\/tr>\n<tr>\n<td width=\"250\"><strong>Wst\u0119p do informatyki<\/strong><\/td>\n<td width=\"170\">dr in\u017c.Gra\u017cyna Krupi\u0144ska<\/td>\n<td width=\"75\"><strong> 5\/5<\/strong><\/td>\n<td width=\"57\">3<\/td>\n<\/tr>\n<tr>\n<td width=\"250\"><strong>Konsultacje <\/strong><\/td>\n<td width=\"170\">dr hab. Jerzy Stochel<\/td>\n<td width=\"75\"><strong>10<\/strong><\/td>\n<td width=\"57\"><\/td>\n<\/tr>\n<tr>\n<td width=\"250\"><strong> <big>Semestr 2<\/big><\/strong><\/td>\n<td width=\"170\"><\/td>\n<td width=\"75\"><\/td>\n<td width=\"57\"><\/td>\n<\/tr>\n<tr>\n<td width=\"250\"><strong>Analiza matematyczna II <\/strong><\/td>\n<td width=\"170\">dr hab. Jerzy Stochel<\/td>\n<td width=\"75\"><strong>10\/15<\/strong><\/td>\n<td width=\"57\">10<\/td>\n<\/tr>\n<tr>\n<td width=\"250\"><strong>Elementy rachunku prawdopodobie\u0144stwa i teorii miary <\/strong><\/td>\n<td width=\"170\">dr hab. Jerzy Stochel<\/td>\n<td width=\"75\"><strong> 5\/5<\/strong><\/td>\n<td width=\"57\">3<\/td>\n<\/tr>\n<tr>\n<td width=\"250\"><strong>Rola pokaz\u00f3w do\u015bwiadczalnych w nauczaniu<\/strong><\/td>\n<td width=\"170\">dr in\u017c. Pawe\u0142 Janowski<\/td>\n<td width=\"75\"><strong>18<\/strong><\/td>\n<td width=\"57\">6<\/td>\n<\/tr>\n<tr>\n<td width=\"250\"><strong>Narz\u0119dzia informatyki<\/strong><\/td>\n<td width=\"170\">dr hab. Bogus\u0142aw Bo\u017cek<\/td>\n<td width=\"75\"><strong>5<\/strong><\/td>\n<td width=\"57\">3<\/td>\n<\/tr>\n<tr>\n<td width=\"250\"><strong>Programowanie i j\u0119zyki programowania<\/strong><\/td>\n<td width=\"170\">dr hab. Bogus\u0142aw Bo\u017cek<\/td>\n<td width=\"75\"><strong>5\/5<\/strong><\/td>\n<td width=\"57\">3<\/td>\n<\/tr>\n<tr>\n<td width=\"250\"><strong>Wykorzystanie komputera w nauczaniu <\/strong><\/td>\n<td width=\"170\">dr in\u017c. Pawe\u0142 Janowski<\/td>\n<td width=\"75\"><strong>10\/10<\/strong><\/td>\n<td width=\"57\">5<\/td>\n<\/tr>\n<tr>\n<td width=\"250\"><strong>Konsultacje <\/strong><\/td>\n<td width=\"170\">dr hab. Jerzy Stochel<\/td>\n<td width=\"75\"><strong>10<\/strong><\/td>\n<td width=\"57\"><\/td>\n<\/tr>\n<tr>\n<td width=\"250\"><strong> <big>Semestr 3<\/big><\/strong><\/td>\n<td width=\"170\"><\/td>\n<td width=\"75\"><\/td>\n<td width=\"57\"><\/td>\n<\/tr>\n<tr>\n<td width=\"250\"><strong>Elementy matematyki bud\u017cetowej, finansowej i ubezpieczeniowej<\/strong><\/td>\n<td width=\"170\">dr hab. Jerzy Stochel<\/td>\n<td width=\"75\"><strong>3\/7E<\/strong><\/td>\n<td width=\"57\">4<\/td>\n<\/tr>\n<tr>\n<td width=\"250\"><strong>Wybrane problemy techniki<\/strong><\/td>\n<td width=\"170\">prof. dr hab. Janusz Wolny<\/td>\n<td width=\"75\"><strong> 5\/10<\/strong><\/td>\n<td width=\"57\">5<\/td>\n<\/tr>\n<tr>\n<td width=\"250\"><strong>Trening my\u015blenia tw\u00f3rczego<br \/>\ni trening interpersonalny <\/strong><\/td>\n<td width=\"170\">mgr Teresa Staszczy\u0144ska<\/td>\n<td width=\"75\"><strong>15 <\/strong><\/td>\n<td width=\"57\">4<\/td>\n<\/tr>\n<tr>\n<td width=\"250\"><strong>Struktury i bazy danych<\/strong><\/td>\n<td width=\"170\">mgr Grzegorz Mika<\/td>\n<td width=\"75\"><strong> 10<\/strong><\/td>\n<td width=\"57\">4<\/td>\n<\/tr>\n<tr>\n<td width=\"250\"><strong>Dydaktyka matematyki<\/strong><\/td>\n<td width=\"170\">dr hab.Anna \u017beromska<\/td>\n<td width=\"75\"><strong> 7\/10<\/strong><\/td>\n<td width=\"57\">7<\/td>\n<\/tr>\n<tr>\n<td width=\"250\"><strong>Wsp\u00f3\u0142czesne problemy pedagogiki i metodyki wych.<\/strong><\/td>\n<td width=\"170\">dr Anna Stoli\u0144ska<\/td>\n<td width=\"75\"><strong>10<\/strong><\/td>\n<td width=\"57\">3<\/td>\n<\/tr>\n<tr>\n<td width=\"250\"><strong>Aktualne problemy w o\u015bwiacie <\/strong><\/td>\n<td width=\"170\">prof. Janusz Wolny<\/td>\n<td width=\"75\"><strong>15<\/strong><\/td>\n<td width=\"57\">3<\/td>\n<\/tr>\n<tr>\n<td width=\"250\"><strong>Praca dyplomowa <\/strong><\/td>\n<td width=\"170\">Promotor<\/td>\n<td width=\"75\"><strong>35<\/strong><\/td>\n<td width=\"57\">10<\/td>\n<\/tr>\n<tr>\n<td width=\"250\"><strong>Praktyka<\/strong><\/td>\n<td width=\"170\">dr Anna Stoli\u0144ska<\/td>\n<td width=\"75\"><strong>60<\/strong><\/td>\n<td width=\"57\"><\/td>\n<\/tr>\n<tr>\n<td width=\"250\"><strong>Seminarium dyplomowe <\/strong><\/td>\n<td width=\"170\">dr hab. Jerzy Stochel<\/td>\n<td width=\"75\"><strong>15E<\/strong><\/td>\n<td width=\"57\">5<\/td>\n<\/tr>\n<tr>\n<td width=\"250\"><strong>Konsultacje<\/strong><\/td>\n<td width=\"170\">dr hab. Jerzy Stochel<\/td>\n<td width=\"75\"><strong>10<\/strong><\/td>\n<td width=\"57\"><\/td>\n<\/tr>\n<\/tbody>\n<\/table>\n","protected":false},"excerpt":{"rendered":"<p>Matematyka z elementami Informatyki (studia dla nauczycieli) Charakterystyka studi\u00f3w: Celem studi\u00f3w jest przygotowanie nauczycieli do nauczania matematyki i element\u00f3w informatyki na poziomie szko\u0142y podstawowej, zawodowej i \u015bredniej\u00a0oraz rozszerzenie dotychczas posiadanej przez nich wiedzy matematycznej i informatycznej. Absolwent studi\u00f3w zostanie wyposa\u017cony w podstawow\u0105 wiedz\u0119 z zakresu metodyki nauczania matematyki i informatyki, zapozna si\u0119 z mo\u017cliwo\u015bciami stosowania [&hellip;]<\/p>\n","protected":false},"author":1,"featured_media":0,"parent":0,"menu_order":0,"comment_status":"open","ping_status":"closed","template":"","meta":{"footnotes":""},"_links":{"self":[{"href":"https:\/\/view.fis.agh.edu.pl\/service\/podyplomowe\/wp-json\/wp\/v2\/pages\/9"}],"collection":[{"href":"https:\/\/view.fis.agh.edu.pl\/service\/podyplomowe\/wp-json\/wp\/v2\/pages"}],"about":[{"href":"https:\/\/view.fis.agh.edu.pl\/service\/podyplomowe\/wp-json\/wp\/v2\/types\/page"}],"author":[{"embeddable":true,"href":"https:\/\/view.fis.agh.edu.pl\/service\/podyplomowe\/wp-json\/wp\/v2\/users\/1"}],"replies":[{"embeddable":true,"href":"https:\/\/view.fis.agh.edu.pl\/service\/podyplomowe\/wp-json\/wp\/v2\/comments?post=9"}],"version-history":[{"count":17,"href":"https:\/\/view.fis.agh.edu.pl\/service\/podyplomowe\/wp-json\/wp\/v2\/pages\/9\/revisions"}],"predecessor-version":[{"id":1876,"href":"https:\/\/view.fis.agh.edu.pl\/service\/podyplomowe\/wp-json\/wp\/v2\/pages\/9\/revisions\/1876"}],"wp:attachment":[{"href":"https:\/\/view.fis.agh.edu.pl\/service\/podyplomowe\/wp-json\/wp\/v2\/media?parent=9"}],"curies":[{"name":"wp","href":"https:\/\/api.w.org\/{rel}","templated":true}]}}